65
What is the remainder when 232 is divided by 5?
2
What is the remainder when 987 is divided by 16?
11
Calculate the remainder when 3696 is divided by 185.
181
Calculate the remainder when 103 is divided by 22.
15
What is the remainder when 3334 is divided by 476?
2
Calculate the remainder when 2442 is divided by 7.
6
Calculate the remainder when 202 is divided by 25.
2
Calculate the remainder when 549 is divided by 196.
157
Calculate the remainder when 8349 is divided by 10.
9
Calculate the remainder when 172 is divided by 172.
0
What is the remainder when 148 is divided by 54?
40
Calculate the remainder when 189 is divided by 8.
5
Calculate the remainder when 27 is divided by 5.
2
What is the remainder when 115 is divided by 114?
1
Calculate the remainder when 317 is divided by 64.
61
Calculate the remainder when 143 is divided by 12.
11
What is the remainder when 5733 is divided by 70?
63
Calculate the remainder when 91 is divided by 36.
19
What is the remainder when 764 is divided by 86?
76
Calculate the remainder when 553 is divided by 83.
55
Calculate the remainder when 993 is divided by 70.
13
Calculate the remainder when 3042 is divided by 15.
12
What is the remainder when 966 is divided by 88?
86
Calculate the remainder when 325 is divided by 56.
45
Calculate the remainder when 118 is divided by 61.
57
Calculate the remainder when 577 is divided by 83.
79
Calculate the remainder when 160 is divided by 25.
10
Calculate the remainder when 261 is divided by 77.
30
Calculate the remainder when 453 is divided by 34.
11
Calculate the remainder when 15 is divided by 9.
6
What is the remainder when 144 is divided by 74?
70
What is the remainder when 341 is divided by 23?
19
What is the remainder when 1593 is divided by 19?
16
What is the remainder when 1 is divided by 1?
0
What is the remainder when 186 is divided by 26?
4
What is the remainder when 30975 is divided by 484?
483
Calculate the remainder when 172 is divided by 8.
4
What is the remainder when 2287 is divided by 11?
10
Calculate the remainder when 312 is divided by 45.
42
What is the remainder when 5511 is divided by 110?
11
What is the remainder when 195 is divided by 42?
27
Calculate the remainder when 59226 is divided by 134.
132
What is the remainder when 139 is divided by 20?
19
Calculate the remainder when 2124 is divided by 93.
78
What is the remainder when 5346 is divided by 889?
12
What is the remainder when 194 is divided by 13?
12
Calculate the remainder when 180 is divided by 7.
5
What is the remainder when 260 is divided by 69?
53
Calculate the remainder when 255 is divided by 86.
83
Calculate the remainder when 887 is divided by 31.
19
What is the remainder when 8411 is divided by 14?
11
What is the remainder when 1497 is divided by 4?
1
What is the remainder when 37825 is divided by 14?
11
What is the remainder when 103 is divided by 19?
8
What is the remainder when 2771 is divided by 44?
43
Calculate the remainder when 6428 is divided by 87.
77
Calculate the remainder when 5242 is divided by 15.
7
Calculate the remainder when 1002 is divided by 943.
59
What is the remainder when 2768 is divided by 17?
14
What is the remainder when 177 is divided by 99?
78
What is the remainder when 170 is divided by 84?
2
What is the remainder when 4917 is divided by 57?
15
Calculate the remainder when 4445 is divided by 78.
77
Calculate the remainder when 1391 is divided by 99.
5
Calculate the remainder when 4693 is divided by 21.
10
Calculate the remainder when 7089 is divided by 11.
5
What is the remainder when 818 is divided by 93?
74
What is the remainder when 2382 is divided by 593?
10
Calculate the remainder when 558 is divided by 197.
164
Calculate the remainder when 721 is divided by 66.
61
Calculate the remainder when 102 is divided by 44.
14
Calculate the remainder when 261 is divided by 69.
54
Calculate the remainder when 196 is divided by 3.
1
Calculate the remainder when 67 is divided by 41.
26
Calculate the remainder when 1726 is divided by 48.
46
What is the remainder when 248 is divided by 50?
48
Calculate the remainder when 654 is divided by 73.
70
What is the remainder when 3913 is divided by 353?
30
What is the remainder when 815 is divided by 51?
50
What is the remainder when 70 is divided by 19?
13
Calculate the remainder when 51 is divided by 14.
9
Calculate the remainder when 1257 is divided by 40.
17
What is the remainder when 370 is divided by 42?
34
What is the remainder when 251 is divided by 82?
5
What is the remainder when 185 is divided by 55?
20
Calculate the remainder when 400 is divided by 31.
28
Calculate the remainder when 1163 is divided by 90.
83
Calculate the remainder when 145 is divided by 96.
49
What is the remainder when 779 is divided by 10?
9
What is the remainder when 521 is divided by 18?
17
Calculate the remainder when 83 is divided by 10.
3
What is the remainder when 501 is divided by 231?
39
Calculate the remainder when 829 is divided by 243.
100
Calculate the remainder when 179 is divided by 15.
14
Calculate the remainder when 26 is divided by 3.
2
What is the remainder when 20960 is divided by 4?
0
What is the remainder when 1144 is divided by 14?
10
What is the remainder when 123 is divided by 13?
6
What is the remainder when 12883 is divided by 7?
3
Calculate the remainder when 470 is divided by 34.
28
Calculate the remainder when 124 is divided by 23.
9
Calculate the remainder when 129 is divided by 11.
8
Calculate the remainder when 811 is divided by 11.
8
What is the remainder when 145 is divided by 73?
72
What is the remainder when 853 is divided by 299?
255
Calculate the remainder when 1890 is divided by 86.
84
What is the remainder when 44 is divided by 5?
4
Calculate the remainder when 357 is divided by 19.
15
What is the remainder when 90 is divided by 24?
18
Calculate the remainder when 11234 is divided by 154.
146
What is the remainder when 1734 is divided by 469?
327
What is the remainder when 71 is divided by 48?
23
What is the remainder when 37 is divided by 30?
7
What is the remainder when 125 is divided by 10?
5
Calculate the remainder when 253 is divided by 56.
29
What is the remainder when 185 is divided by 39?
29
Calculate the remainder when 144 is divided by 5.
4
What is the remainder when 180 is divided by 95?
85
What is the remainder when 3223 is divided by 75?
73
Calculate the remainder when 379 is divided by 10.
9
What is the remainder when 7033 is divided by 18?
13
What is the remainder when 95 is divided by 17?
10
Calculate the remainder when 310 is divided by 78.
76
Calculate the remainder when 477 is divided by 48.
45
Calculate the remainder when 1584 is divided by 55.
44
What is the remainder when 42 is divided by 7?
0
What is the remainder when 897 is divided by 21?
15
What is the remainder when 1379 is divided by 266?
49
Calculate the remainder when 1125 is divided by 226.
221
Calculate the remainder when 475 is divided by 12.
7
What is the remainder when 2642 is divided by 23?
20
Calculate the remainder when 190 is divided by 170.
20
Calculate the remainder when 130 is divided by 38.
16
Calculate the remainder when 151 is divided by 54.
43
Calculate the remainder when 38 is divided by 18.
2
What is the remainder when 42 is divided by 6?
0
What is the remainder when 1253 is divided by 243?
38
Calculate the remainder when 216 is divided by 66.
18
Calculate the remainder when 323 is divided by 85.
68
Calculate the remainder when 256 is divided by 66.
58
What is the remainder when 195 is divided by 11?
8
What is the remainder when 282 is divided by 89?
15
Calculate the remainder when 502 is divided by 158.
28
Calculate the remainder when 100 is divided by 36.
28
Calculate the remainder when 381 is divided by 32.
29
What is the remainder when 241 is divided by 57?
13
Calculate the remainder when 669 is divided by 84.
81
Calculate the remainder when 60 is divided by 58.
2
Calculate the remainder when 66 is divided by 10.
6
What is the remainder when 2210 is divided by 6?
2
What is the remainder when 49 is divided by 13?
10
What is the remainder when 553 is divided by 31?
26
Calculate the remainder when 39 is divided by 36.
3
Calculate the remainder when 22439 is divided by 44.
43
What is the remai